{"id":28,"date":"2024-06-02T10:30:06","date_gmt":"2024-06-02T10:30:06","guid":{"rendered":"http:\/\/globman.hostingasp.pl\/?page_id=28"},"modified":"2025-04-01T15:48:56","modified_gmt":"2025-04-01T15:48:56","slug":"referencje","status":"publish","type":"page","link":"https:\/\/globman.pl\/?page_id=28","title":{"rendered":"Referencje"},"content":{"rendered":"\t\t<div data-elementor-type=\"wp-page\" data-elementor-id=\"28\" class=\"elementor elementor-28\">\n\t\t\t\t<div class=\"elementor-element elementor-element-56505ec1 e-flex e-con-boxed e-con e-parent\" data-id=\"56505ec1\" data-element_type=\"container\" data-settings=\"{&quot;background_background&quot;:&quot;classic&quot;}\">\n\t\t\t\t\t<div class=\"e-con-inner\">\n\t\t\t\t<div class=\"elementor-element elementor-element-7251f53d animated-slow elementor-invisible elementor-widget elementor-widget-heading\" data-id=\"7251f53d\" data-element_type=\"widget\" data-settings=\"{&quot;_animation&quot;:&quot;fadeIn&quot;,&quot;_animation_delay&quot;:200}\" data-widget_type=\"heading.default\">\n\t\t\t\t<div class=\"elementor-widget-container\">\n\t\t\t\t\t<h2 class=\"elementor-heading-title elementor-size-default\">REFERENCJE<\/h2>\t\t\t\t<\/div>\n\t\t\t\t<\/div>\n\t\t\t\t\t<\/div>\n\t\t\t\t<\/div>\n\t\t<div class=\"elementor-element elementor-element-d758508 e-flex e-con-boxed e-con e-parent\" data-id=\"d758508\" data-element_type=\"container\">\n\t\t\t\t\t<div class=\"e-con-inner\">\n\t\t<div class=\"elementor-element elementor-element-b051d1d e-flex e-con-boxed e-con e-child\" data-id=\"b051d1d\" data-element_type=\"container\">\n\t\t\t\t\t<div class=\"e-con-inner\">\n\t\t\t\t<div class=\"elementor-element elementor-element-525b1ba elementor-widget elementor-widget-heading\" data-id=\"525b1ba\" data-element_type=\"widget\" data-widget_type=\"heading.default\">\n\t\t\t\t<div class=\"elementor-widget-container\">\n\t\t\t\t\t<h2 class=\"elementor-heading-title elementor-size-default\">Referencje<\/h2>\t\t\t\t<\/div>\n\t\t\t\t<\/div>\n\t\t\t\t<div class=\"elementor-element elementor-element-2bd8712 elementor-widget-divider--view-line elementor-widget elementor-widget-divider\" data-id=\"2bd8712\" data-element_type=\"widget\" data-widget_type=\"divider.default\">\n\t\t\t\t<div class=\"elementor-widget-container\">\n\t\t\t\t\t\t\t<div class=\"elementor-divider\">\n\t\t\t<span class=\"elementor-divider-separator\">\n\t\t\t\t\t\t<\/span>\n\t\t<\/div>\n\t\t\t\t\t\t<\/div>\n\t\t\t\t<\/div>\n\t\t\t\t<div class=\"elementor-element elementor-element-e475e47 elementor-widget elementor-widget-text-editor\" data-id=\"e475e47\" data-element_type=\"widget\" data-widget_type=\"text-editor.default\">\n\t\t\t\t<div class=\"elementor-widget-container\">\n\t\t\t\t\t\t\t\t\t<p>Spo\u015br\u00f3d licznego grona naszych Klient\u00f3w, z naszych us\u0142ug skorzysta\u0142y znacz\u0105ce firmy, takie jak <strong>Kare Design<\/strong>, <strong>SFmeble<\/strong>, <strong>Zona Design<\/strong> oraz <strong>meble.pl<\/strong>, dla kt\u00f3rych prowadzili\u015bmy transport r\u00f3\u017cnorodnych towar\u00f3w. Ka\u017cda z tych firm doceni\u0142a nasze zaanga\u017cowanie oraz indywidualne podej\u015bcie do ich specyficznych potrzeb logistycznych.<\/p><p>W ramach naszej wsp\u00f3\u0142pracy z Kare Design, realizowali\u015bmy kompleksowy transport stylowych mebli i dekoracji, dbaj\u0105c o ich bezpiecze\u0144stwo i terminowe dostarczenie magazynu.<\/p><p>SFmeble powierzy\u0142o nam przew\u00f3z szerokiej gamy mebli, od designerskich sof po funkcjonalne szafy, wymagaj\u0105c od nas szczeg\u00f3lnej uwagi na detale oraz precyzj\u0119 w realizacji zlece\u0144.<\/p><p>Zona Design, jako firma specjalizuj\u0105ca si\u0119 w wyposa\u017ceniu wn\u0119trz, skorzysta\u0142a z naszych us\u0142ug transportowych w zakresie przewozu mebli. Dzi\u0119ki naszemu do\u015bwiadczeniu i profesjonalnemu podej\u015bciu, produkty te dociera\u0142y do firmy w nienaruszonym stanie.<\/p><p>Meble.pl zleca\u0142y nam transport zar\u00f3wno du\u017cych element\u00f3w meblowych, jak i drobniejszych komponent\u00f3w produkcyjnych. Nasze elastyczne podej\u015bcie oraz zdolno\u015b\u0107 dostosowania si\u0119 do zmieniaj\u0105cych si\u0119 potrzeb klienta pozwoli\u0142y na efektywne zarz\u0105dzanie logistyk\u0105 oraz terminowe realizowanie zlece\u0144.<\/p><p>Opr\u00f3cz tego, prowadzili\u015bmy transport maszyn przemys\u0142owych, cz\u0119\u015bci samochodowych, etykiet, odczynnik\u00f3w medycznych oraz lek\u00f3w w temperaturze kontrolowanej. W ka\u017cdym przypadku, nasza firma zapewnia\u0142a najwy\u017cszy standard obs\u0142ugi, dbaj\u0105c o precyzj\u0119, bezpiecze\u0144stwo i terminowo\u015b\u0107 dostaw.<br \/>Dzi\u0119ki naszemu do\u015bwiadczeniu i zaanga\u017cowaniu, firmy te mog\u0142y liczy\u0107 na profesjonalne wsparcie na ka\u017cdym etapie realizacji zlecenia. Globman gwarantuje wysok\u0105 jako\u015b\u0107 us\u0142ug transportowych, dopasowanych do indywidualnych potrzeb ka\u017cdego klienta, co potwierdzaj\u0105 zadowoleni partnerzy biznesowi.<\/p>\t\t\t\t\t\t\t\t<\/div>\n\t\t\t\t<\/div>\n\t\t\t\t\t<\/div>\n\t\t\t\t<\/div>\n\t\t\t\t\t<\/div>\n\t\t\t\t<\/div>\n\t\t\t\t<\/div>\n\t\t","protected":false},"excerpt":{"rendered":"<p>REFERENCJE Referencje Spo\u015br\u00f3d licznego grona naszych Klient\u00f3w, z naszych us\u0142ug skorzysta\u0142y znacz\u0105ce firmy, takie jak Kare Design, SFmeble, Zona Design oraz meble.pl, dla kt\u00f3rych prowadzili\u015bmy transport r\u00f3\u017cnorodnych towar\u00f3w. Ka\u017cda z tych firm doceni\u0142a nasze zaanga\u017cowanie oraz indywidualne podej\u015bcie do ich specyficznych potrzeb logistycznych. W ramach naszej wsp\u00f3\u0142pracy z Kare Design, realizowali\u015bmy kompleksowy transport stylowych mebli&#8230;<\/p>\n","protected":false},"author":2,"featured_media":0,"parent":0,"menu_order":0,"comment_status":"closed","ping_status":"closed","template":"","meta":{"_kadence_starter_templates_imported_post":false,"_kad_post_transparent":"","_kad_post_title":"hide","_kad_post_layout":"fullwidth","_kad_post_sidebar_id":"","_kad_post_content_style":"unboxed","_kad_post_vertical_padding":"hide","_kad_post_feature":"hide","_kad_post_feature_position":"","_kad_post_header":false,"_kad_post_footer":false,"footnotes":""},"class_list":["post-28","page","type-page","status-publish","hentry"],"_links":{"self":[{"href":"https:\/\/globman.pl\/index.php?rest_route=\/wp\/v2\/pages\/28","targetHints":{"allow":["GET"]}}],"collection":[{"href":"https:\/\/globman.pl\/index.php?rest_route=\/wp\/v2\/pages"}],"about":[{"href":"https:\/\/globman.pl\/index.php?rest_route=\/wp\/v2\/types\/page"}],"author":[{"embeddable":true,"href":"https:\/\/globman.pl\/index.php?rest_route=\/wp\/v2\/users\/2"}],"replies":[{"embeddable":true,"href":"https:\/\/globman.pl\/index.php?rest_route=%2Fwp%2Fv2%2Fcomments&post=28"}],"version-history":[{"count":22,"href":"https:\/\/globman.pl\/index.php?rest_route=\/wp\/v2\/pages\/28\/revisions"}],"predecessor-version":[{"id":715,"href":"https:\/\/globman.pl\/index.php?rest_route=\/wp\/v2\/pages\/28\/revisions\/715"}],"wp:attachment":[{"href":"https:\/\/globman.pl\/index.php?rest_route=%2Fwp%2Fv2%2Fmedia&parent=28"}],"curies":[{"name":"wp","href":"https:\/\/api.w.org\/{rel}","templated":true}]}}